2486b (base 14) to base 13
-1323693
4942a6a (base 12) to base 4
312130031302
What is -1ab8c1 (base 14) in base 2?
-11101000111000110001
What is -46a0687 (base 11) in base 5?
-4044343111
Convert -2012020221112 (base 3) to base 8.
-4346030
What is 73a2 (base 15) in base 2?
101111110000100
-36d79 (base 14) to base 7
-1066512
-401402002 (base 5) to base 11
-997282
-160000534 (base 7) to base 8
-50656631
-6cfa73 (base 16) to base 15
-961238
What is 1000100010010001011 (base 2) in base 13?
9a3c9
-215563 (base 7) to base 15
-b3ea
Convert 859281 (base 10) to base 9.
1548636
What is 1231002001 (base 5) in base 6?
143545414
Convert 24240442 (base 6) to base 4.
2323112222
Convert 32013424 (base 5) to base 4.
1001013303
Convert 2031431342 (base 5) to base 8.
17722137
Convert -10010100001110001011 (base 2) to base 7.
-5106005
What is 207880 (base 14) in base 13?
2c514c
230023210 (base 4) to base 8
541344
-55214 (base 13) to base 8
-455041
What is 201320233 (base 4) in base 2?
100001111000101111
-651666 (base 7) to base 14
-2d536
What is -2463526 (base 8) in base 16?
-a6756
Convert -2020100122 (base 3) to base 8.
-125740
Convert -b08206 (base 14) to base 7.
-101322106
76c060 (base 14) to base 2
1111010111011101110100
131536 (base 13) to base 11
29471a
What is -660661 (base 14) in base 4?
-31030122031
What is 153ab9 (base 13) in base 9?
875700
5141407 (base 9) to base 7
32214466
Convert -4311234 (base 5) to base 3.
-10200201101
Convert -9b3c (base 14) to base 15.
-7e8b
What is 45472 (base 10) in base 11?
31189
Convert -112142034 (base 5) to base 9.
-850854
What is -3309b3 (base 12) in base 13?
-224991
What is 1510440 (base 8) in base 14?
b2ba8
What is 16116204 (base 9) in base 16?
7ab525
e4186 (base 15) to base 13
1c3b99
What is -1534031 (base 6) in base 12?
-44317
13033333331 (base 4) to base 9
3516042
What is 5984 (base 12) in base 15?
2e91
-dc152 (base 15) to base 14
-1429d5
What is -1027375 (base 9) in base 12?
-226335
Convert -b63358 (base 14) to base 12.
-208a22a
-11111100100101011000 (base 2) to base 4
-3330211120
What is 132102450 (base 6) in base 7?
31164513
What is -100bc4 (base 13) in base 5?
-43421222
What is 175425 (base 15) in base 12?
466a08
13b0890 (base 14) to base 8
44376056
1002002110012101 (base 3) to base 11
87aa3aa
What is 616350 (base 7) in base 14?
2a627
What is -5a557 (base 12) in base 14?
-32523
What is -311133110 (base 4) in base 3?
-102010112112
What is -29b854 (base 13) in base 7?
-11466663
Convert 25707461 (base 8) to base 5.
2432111124
What is -4175316 (base 8) in base 11?
-6a0060
13421311 (base 5) to base 9
231545
What is 342102 (base 7) in base 13?
21870
Convert -275417 (base 10) to base 14.
-72529
8120357 (base 9) to base 2
10000011111101010011010
-10569679 (base 10) to base 14
-1591cd1
-3012c (base 15) to base 14
-3d634
What is 3045515 (base 6) in base 11?
a0012
-1067506 (base 12) to base 7
-35355414
-81625 (base 11) to base 4
-131012230
What is 1071684 (base 10) in base 8?
4055104
Convert 4632c0 (base 13) to base 3.
10010112001200
Convert -10100100110111100101011 (base 2) to base 11.
-305aa03
Convert 157943a (base 12) to base 7.
52220056
What is 40201231 (base 5) in base 9?
535448
Convert 6764889 (base 10) to base 14.
c814a5
Convert 591ae (base 16) to base 2.
1011001000110101110
Convert 1022335 (base 7) to base 2.
11110000110101110
43032400 (base 5) to base 6
11430024
What is -5da5b0 (base 14) in base 10?
-3217102
-16461365 (base 7) to base 9
-3025635
-1b9265 (base 16) to base 8
-6711145
36353204 (base 7) to base 2
1100010111000010010000
-842ab (base 15) to base 7
-3363620
What is 46350255 (base 7) in base 13?
ac3230
-1204454032 (base 6) to base 14
-1b58c28
What is -644403 (base 9) in base 5?
-44240111
Convert f290 (base 16) to base 6.
1155252
167236 (base 15) to base 12
445243
What is 344c61 (base 14) in base 12?
71a4b1
Convert -a06733 (base 13) to base 12.
-12b9035
Convert -17227a3 (base 12) to base 2.
-10010001101011111101011
What is 3567564 (base 8) in base 14?
1b69c8
What is 98a087 (base 13) in base 3?
20202111120200
Convert -246242 (base 7) to base 5.
-2423104
Convert 10113424 (base 6) to base 10.
289816
6644141 (base 9) to base 8
15500772
-12104451 (base 6) to base 15
-7830d
Convert -246576 (base 8) to base 5.
-10212444
-cc44b (base 13) to base 7
-3100144
What is 260656 (base 9) in base 8?
464461
Convert -159d1 (base 15) to base 16.
-11059
What is 39ecb4 (base 15) in base 11?
1631620
Convert 2135512 (base 7) to base 11.
169335
7d4bfc (base 16) to base 11
46a9427
What is -10000000011100110000 (base 2) in base 10?
-526128
What is 20b5c7 (base 16) in base 2?
1000001011010111000111
What is -3193a2 (base 11) in base 13?
-14b32b
What is -1040174 (base 9) in base 14?
-107413
6637125 (base 8) to base 16
1b3e55
14ca3 (base 15) to base 12
32916
-1101010101 (base 2) to base 14
-44d
What is 3542304 (base 6) in base 3?
100101012011
Convert 38345 (base 12) to base 11.
52541
What is 2481389 (base 10) in base 12?
9b7ba5
What is -62f0a (base 16) in base 6?
-12404110
-378a (base 12) to base 10
-6298
Convert -3c4065 (base 16) to base 12.
-13a5119
What is -26560116 (base 9) in base 7?
-216154125
Convert -2156342 (base 8) to base 7.
-4636252
What is 47b76b (base 12) in base 3?
2011222000102
1000201032303 (base 4) to base 6
1402302243
Convert 845f9 (base 16) to base 14.
101849
-acdda (base 14) to base 12
-182b58
Convert -40605 (base 8) to base 2.
-100000110000101
Convert -1cf136 (base 16) to base 14.
-37534a
Convert -12010222122202 (base 3) to base 7.
-32152523
Convert -25c38 (base 14) to base 6.
-1554202
Convert -225360 (base 8) to base 11.
-52551
Convert -10022 (base 12) to base 15.
-6242
What is 13aff4 (base 16) in base 14?
2582b2
33000a7 (base 11) to base 8
26074101
4268417 (base 10) to base 3
22000212011112
-101213010210 (base 4) to base 2
-10001100111000100100100
What is -14144242 (base 5) in base 6?
-3051422
101342422 (base 5) to base 8
1461267
What is -a926 (base 14) in base 12?
-14b06
2101220122 (base 3) to base 11
3260a
Convert -113025 (base 11) to base 10.
-179712
Convert -505355 (base 9) to base 3.
-120012101212
Convert -782 (base 14) to base 13.
-8a4
-91d1cd (base 14) to base 6
-253202025
What is 134525321 (base 6) in base 3?
12011122112111
Convert 6736504 (base 8) to base 10.
1817924
-10100011000011110001 (base 2) to base 8
-2430361
14000115 (base 8) to base 12
10785a5
What is 45963 (base 11) in base 15?
14a02
-4913 (base 11) to base 10
-6427
-13449739 (base 10) to base 2
-110011010011101000001011
-2311200133 (base 4) to base 7
-6214336
Convert 110013202 (base 4) to base 2.
10100000111100010
Convert 2556a (base 13) to base 8.
206660
What is 9a52b (base 14) in base 3?
201000022101
Convert 675a9a (base 11) to base 3.
2000201001021
Convert -2162267 (base 8) to base 2.
-10001110010010110111
What is -11050132 (base 7) in base 8?
-3505665
Convert -2121311020 (base 4) to base 6.
-21301024
Convert -323301022 (base 4) to base 2.
-111011110001001010
1120002012 (base 4) to base 15
71c8c
Convert 328ce6 (base 16) to base 8.
14506346
-67449 (base 12) to base 8
-413671
-152aa (base 15) to base 6
-1243154
Convert -146124 (base 7) to base 13.
-ccb1
Convert 3033125 (base 6) to base 16.
234ad
153954 (base 13) to base 11
32743a
Convert 6227 (base 11) to base 4.
2001001
What is a9aab (base 12) in base 2?
110110110011100011
-a2b0e5 (base 15) to base 9
-15484688
What is -1627467 (base 11) in base 12?
-b1b0a7
-10101110000110100 (base 2) to base 7
-520612
What is -127048 (base 9) in base 6?
-1353542
6545b3 (base 12) to base 3
10000111212200
What is 734ca (base 14) in base 5?
32344411
Convert 2053036 (base 9) to base 3.
2001210001020
Convert -20012120020 (base 3) to base 5.
-12402104
Convert -97e782 (base 15) to base 2.
-11011100111000001000001
What is 57c9b (base 14) in base 3?
101212020200
-26165313 (base 7) to base 8
-11064221
Convert -411142403 (base 5) to base 10.
-1662228
-63a1a (base 15) to base 11
-1a658a
What is abe84c (base 16) in base 7?
164521562
-11021340 (base 5) to base 11
-655a4
Convert 5771045 (base 11) to base 8.
46371105
Convert -1b83226 (base 13) to base 9.
-18180546
What is 1848551 (base 10) in base 13?
4c9523
-2047378 (base 10) to base 16
-1f3d92
-36644 (base 7) to base 11
-7226
Convert -1000011102112 (base 3) to base 15.
